ose -2*q = -n*q + 36. List the prime factors of q.
2, 3
Suppose 3*q - 7*q + 16 = 0. Suppose -23 = -t - 0*t. Suppose 0 = q*b + t - 67. List the prime factors of b.
11
Let f = 105 + -29. Suppose 5*v - 124 - f = 0. What are the prime factors of v?
2, 5
Let q(p) = p + 8. Let g = 2 + -10. Let n be q(g). Suppose n = 5*b - 9 - 1. What are the prime factors of b?
2
Let h(u) = u**2 + 4*u - 5. Let n = 10 - 15. Let z be h(n). What are the prime factors of (-2)/(-4)*z + 10?
2, 5
Let x(i) = -i**3 - 2*i**2 + i - 4. Let g = -7 + 12. Suppose 2 - g = d. List the prime factors of x(d).
2
List the prime factors of (-840)/(-38) - (-60)/(-570).
2, 11
Let w = -112 + 269. What are the prime factors of w?
157
Let d(y) = -7 - 2*y**3 - 2*y**3 - 4*y + 7*y**2 + 3*y**3. Let q be d(6). Suppose 0*a - 3*c = -a + 11, -a = q*c - 27. What are the prime factors of a?
17
Let q = -7 + 12. Suppose 2*j = -q*z + 350, -z - 2*j = -j - 67. What are the prime factors of ((-1)/(-2))/(3/z)?
2, 3
Let i(t) = -4*t - 2. Suppose x + s = 4*x + 14, -4*s + 26 = -2*x. Let c be i(x). Suppose c = 3*y - y. What are the prime factors of y?
5
Suppose -2*u = 5*p + 2*u, 3*u + 15 = 0. List the prime factors of p.
2
Suppose -3*j = -g + 4, -g + 2*g + 2*j = 4. What are the prime factors of 24/10 - g/10?
2
Let w(n) = -n + 10. Let x be w(5). Suppose -3*p - x + 50 = 0. List the prime factors of p.
3, 5
Suppose -2*a - 2*u + 3*u = -7, 5*a + 2*u = 13. Suppose 13 = -a*g + 4*g. Suppose 0*r + r = 5*c + g, 0 = 3*r + 4*c - 20. List the prime factors of r.
2
Let v(n) be the second derivative of -2*n**3/3 - 3*n**2 + 2*n. Let h(d) = -2*d + 2. Let o be h(3). List the prime factors of v(o).
2, 5
Suppose -3*h + 7*h = 4. List the prime factors of (-1)/(h + (-21)/18).
2, 3
Suppose 3*w + 4*q = 89, -3*q + 27 = 2*w - 31. List the prime factors of w.
5, 7
Let y = -3 + 6. Suppose y*s + 3 = 27. Suppose -d = -0 - s. List the prime factors of d.
2
Let u be 1/(-2)*4 - -5. Suppose 2*l = -u*l. Let q = l - -9. List the prime factors of q.
3
Let y(c) = -4*c**3 - 2*c**2 + c + 2. Let v be y(-2). Suppose -2*u = 3*x - 40, 2*u + 0*u - v = -2*x. List the prime factors of x.
2
Let x = 83 + -57. Suppose 0 = -4*g + 4*f - 56, 0 = g - 3*f + 2 + 8. Let h = g + x. List the prime factors of h.
2, 5
Suppose -4*s + 6*s = 0. Let n = 16 - 6. What are the prime factors of (s + -2 - -3)*n?
2, 5
Let s = -34 - -48. Let t = 26 - s. What are the prime factors of t?
2, 3
Suppose 0 = -5*i - 0*i + n, -5*i - 4*n = -25. What are the prime factors of (-6 + i)/(3/(-3))?
5
Let n(y) = -1 - y**3 + 4 - 6 + 5*y**2 + 7*y. What are the prime factors of n(6)?
3
What are the prime factors of (16/24)/(2/42)?
2, 7
Suppose 5*c = 2*p - 18, -3*p + 0 = -3*c - 27. List the prime factors of p.
3
Suppose 15 - 29 = -k. What are the prime factors of k?
2, 7
Let u = 13 + -10. Suppose -4*c = 3*a - 7, u*c + c = -2*a + 2. What are the prime factors of a?
5
Suppose -380 = 3*y + 2*y. What are the prime factors of (-2)/((-2)/y*-4)?
19
What are the prime factors of 4/3 - 350/(-21)?
2, 3
Suppose -4*f + 8*f = 0. Suppose 5*g - 25 + 0 = f. List the prime factors of 96/10 - (-2)/g.
2, 5
Let z(j) = 4*j**2 + j. Let c(i) = 7*i**2 + i + 2*i**2 - 2*i**2. Let v(l) = 3*c(l) - 5*z(l). List the prime factors of v(4).
2
Suppose 0 = b - 4*c - 68, 5*b - 245 = -3*c + 4*c. List the prime factors of b.
2, 3
Suppose 5*p + 44 + 46 = 0. Let h = -7 - p. What are the prime factors of h?
11
Let h(l) = 7*l - 2*l - 3 + 1 + 3*l**2 - 2*l**2. Let k be h(-6). Suppose -g = t - 8, 14 = 3*t + k*g - 5. What are the prime factors of t?
13
Suppose 12 = 5*r - 4*n + 6*n, 3*n = -3*r. Suppose 0 = -r*i - i + 10. Suppose -2*m - 3*g - i*g = -20, 0 = -2*m - 4*g + 20. List the prime factors of m.
2, 5
Let c(w) = w**2 + 6*w**2 + 4*w - 2 + w - 3*w. List the prime factors of c(-2).
2, 11
Let l be 19/3 + 1/(-3). Let t be 3/(l*3/12). Suppose 4*o - 48 = t*v, -2*o = v - 5*v - 24. What are the prime factors of o?
2, 3
Suppose 3*u - 8 = 1. Let h(k) = k**u - 6*k**2 + 2*k - 3*k + 7*k**2 + 2 + 2*k**2. List the prime factors of h(-3).
5
Let g(t) = -t + 3. Let p be g(7). Let r(f) = f**2 + 5*f + 4. Let m be r(p). Suppose m = -3*a + 9 + 30. List the prime factors of a.
13
Let a(o) = -2*o**3 + 2*o**2 + o - 2. What are the prime factors of a(-2)?
2, 5
Let h = 31 - 19. Suppose -20 = -2*b + h. List the prime factors of b.
2
List the prime factors of ((-21)/(-12))/((-1)/(-12)).
3, 7
Suppose 1 - 8 = -y. Suppose -5*d + y*o - 126 = 3*o, 3*d + 2*o + 80 = 0. What are the prime factors of (-1 - 0)/(2/d)?
13
Suppose -2*t - 56 = -20. Let z be t/(-4)*(-128)/24. Let k = z + 41. List the prime factors of k.
17
Suppose -5*o = -o - 80. List the prime factors of o.
2, 5
Let g = -124 + 309. What are the prime factors of g?
5, 37
Suppose -r + 4*a = 2*r - 30, 3*r - 9 = -3*a. Let v be 5*4 + r + -5. Let g = 36 - v. List the prime factors of g.
3, 5
Suppose 3*c + 4*j - 116 = 0, 8 = 4*j - 0. Suppose 5 = z - c. What are the prime factors of z?
41
Let k(o) be the second derivative of o**4/12 - o**3/6 - 3*o. Let c be k(-1). Suppose 5*v + c*p + 2 - 105 = 0, 4*p = 16. What are the prime factors of v?
19
Suppose -17 = -i + 7. Suppose -2*f + 6*h + 12 = 2*h, 4*f + 3*h - i = 0. Suppose -4*c = -22 - f. What are the prime factors of c?
7
Let n = 2 + -14. Let w = -3 - n. What are the prime factors of w?
3
Let h(f) = -f**3 - f - 2. Let o be h(-3). Let x = o - 7. What are the prime factors of x?
3, 7
What are the prime factors of 3 - (-15)/(((-27)/60)/(-3))?
103
Let s(m) = -m**2 + 8*m - 5. What are the prime factors of s(3)?
2, 5
Suppose w + 5 = -1. What are the prime factors of (-8*(-9)/w)/(-1)?
2, 3
Let a = -6 + 3. What are the prime factors of (-1 - -3)/(a/(-15))?
2, 5
Let a be ((-4)/6)/(8/(-60)). Let q be (-10)/4*(-4)/a. Let b = q + 11. What are the prime factors of b?
13
Let b(v) be the third derivative of -v**6/120 + v**5/20 + v**4/8 + v**3/6 - v**2. Let f = 2 - -1. What are the prime factors of b(f)?
2, 5
Suppose 2*a + 0 = -12. Let x = 10 + a. List the prime factors of x.
2
Let r be 5/2*(11 - 3). Let f = r + 2. List the prime factors of f.
2, 11
Suppose 2*h = -5 - 3, 3*o + 5*h = 922. List the prime factors of o.
2, 157
What are the prime factors of 215 - (-9)/(-3) - -1 - -4?
7, 31
Let d(c) = -c**3 - 3*c**2 - 2*c - 4. Let q be d(-3). Let y(o) = -2*o - 2. Let v be y(q). What are the prime factors of ((-2)/v)/(2/30)?
5
Suppose 5*v - 3*v - 3*o = 6, -5*o = 10. Let k(d) = d + 2. Let p be k(v). Suppose 0 = f + 3*w - 0*w - 5, p*w = -3*f + 8. List the prime factors of f.
2
Let q = 398 + -99. What are the prime factors of q?
13, 23
What are the prime factors of (-13)/((-65)/(-210))*5/(-2)?
3, 5, 7
What are the prime factors of (-246)/(-8) - 4/(-16)?
31
Suppose -13*n = 322 - 2870. What are the prime factors of n?
2, 7
Suppose 0*g + g = -5*r + 88, 5*g = -3*r + 506. Let o = -65 + g. Suppose 4*b = 5*d + o, 0 = 4*b - 3*d + 1 - 43. List the prime factors of b.
2, 3
Suppose -o - 2*o + 2*t = -8, 2*t + 8 = 0. Suppose d - 7 = -o*d. What are the prime factors of d?
7
Let s = 206 - 81. What are the prime factors of s?
5
What are the prime factors of ((-8)/12)/(2/(-75))?
5
Suppose f - 615 = -4*f. List the prime factors of f.
3, 41
Let n = -5 + 7. Suppose n*d = -2*q + 30, 0 = -q - 2*q + 2*d + 20. List the prime factors of q.
2, 5
Let r(j) = -j. Suppose -2*s = 2 - 40. Suppose 0 = -5*t + 3*k - 38, 0*k - s = 3*t + 2*k. What are the prime factors of r(t)?
7
Suppose -2*d = 3*m - 8, -4*d - d - 2 = 2*m. Suppose m*q = 6*q - 38. List the prime factors of q.
19
Let v(s) = 2*s**2 + 4*s + 1. Let z(m) = -3 + 2*m**2 + m**3 + 7*m**2 - 4*m**2 + 2*m**2. Let n be z(-7). What are the prime factors of v(n)?
7
Let j(x) = -x - 8. Let o be j(-7). List the prime factors of o/(-1*2/48).
2, 3
Let f be (-4)/4*(1 + -3). Suppose -7*r + f*r + 70 = 0. List the prime factors of r.
2, 7
Let r(c) = c**3 + c**2 + c - 13. Let p be r(0). Let z = p + 23. What are the prime factors of z/(-15) + 28/6?
2
Suppose q - 5*x - 27 = 0, -4*q = 2*x - 4*x - 36. List the prime factors of (-2)/q - (-726)/42.
17
Let m be 32/(-5) - (-4)/10. Let s = m + 9. Suppose 2*q + s*z + 6 = 5*q, 4 = 4*q - 5*z. What are the prime factors of q?
2, 3
Let h(i) be the second derivative of -17*i**3/6 - 9*i**2/2 - 3*i. Let l(y) = 8*y + 4. Let d(p) = 4*h(p) + 9*l(p). List the prime f